?
14
Let z(o) = 4*o - 4. Let i be z(5). Suppose g = i + 11. Calculate the remainder when 52 is divided by g.
25
Suppose -o = 6 - 38. Calculate the remainder when (-2 + o/12)*30 is divided by 7.
6
Let w(x) = x**3 + 7*x**2 - 5*x - 14. Calculate the remainder when 58 is divided by w(-7).
16
Suppose -3*k - 5*j = 2*k - 25, -2*k - j = -6. What is the remainder when ((-30)/k)/((-12)/16) is divided by 14?
12
Let w be (-6)/10 - 39/(-15). Suppose -5*n + 303 = -w*f, -n + f = -68 + 5. What is the remainder when n is divided by 20?
19
Suppose -2*s - a + 31 = 0, 2 + 4 = 2*a. Calculate the remainder when 38 is divided by s.
10
Let j(v) = -3*v - 4. Let n(g) = -3*g + 5. Let r be n(4). Suppose -4*q = 29 - 229. Calculate the remainder when q is divided by j(r).
16
Suppose 6*c + 23 - 131 = 0. Suppose 0*b + 4*b - 126 = 5*l, b - 5*l = 24. What is the remainder when b is divided by c?
16
Suppose -80 = 2*m - 6*m. What is the remainder when m is divided by 7?
6
Calculate the remainder when 97 is divided by 6/27 - (-2 + (-1263)/27).
48
Suppose u + 2*u + r = 18, 29 = 5*u + 2*r. Suppose 2 = -4*l - s - s, -11 = -3*l - 4*s. Let f = l + u. Calculate the remainder when f is divided by 2.
0
Suppose 5*n + 1133 = 2*d, -n - 5*d - 205 = -0*n. Suppose -4*t + 13 = 5. What is the remainder when (-2)/15 + (-1155)/n is divided by t?
1
Suppose 2*t = -4*d + 114, -d + 191 + 49 = 5*t. Let s = -8 - -33. Calculate the remainder when t is divided by s.
22
Let z = 213 - 55. Calculate the remainder when z is divided by 32.
30
Suppose 8*p = 3*p + 25. Suppose -25 = 2*o + 3*o, 5*q - 30 = -p*o. What is the remainder when 31 is divided by q?
9
Let v = 29 - -4. Let z = 48 - v. Let r = z - 3. What is the remainder when 23 is divided by r?
11
Let u be 1/(-5) + (-864)/(-20). Suppose 4*o + 17 = 5*s - u, 0 = -o - 5. What is the remainder when 21 is divided by s?
5
Suppose -20 = -6*c + c. Suppose 38 = a + 3*o, 0 = c*o - o - 12. What is the remainder when a is divided by 12/10*(-30)/(-4)?
8
Let k(u) = -u**2 - 5*u + 10. Let h be k(-7). Let c = h - -18. What is the remainder when 27 is divided by c?
13
Let c(u) = -u**3 + 7*u**2 - 7*u + 7. Let g be c(6). Let j = 14 - g. What is the remainder when 25 is divided by j?
12
Suppose -5*l - 31 = -1. Let h = 24 - l. Calculate the remainder when h is divided by (3/(-6))/(5/(-110)).
8
Let t be ((-21)/(-6))/((-3)/(-6)). Let n(q) = -q**2 + 11*q - 9. What is the remainder when 54 is divided by n(t)?
16
Let g(a) = a**3 - 13*a**2 - 13*a - 5. Let h be g(14). Let o = -1 + h. What is the remainder when 15 is divided by o?
7
Let h(x) = x**2 + 7*x + 1. Let b be h(-6). What is the remainder when 9 is divided by 10*(0 + (-2)/b)?
1
Let m(j) = j**3 - 9*j**2 + 9*j + 9. Suppose 3*v - 5*f = 37, 39 = 5*v + 3*f - 0*f. What is the remainder when m(8) is divided by v?
8
Suppose -3*w + 2*w + 5 = 0. Suppose m = 5*l - 0*m - 20, -5*m = -w*l. What is the remainder when 18 is divided by l?
3
Suppose -5*q + 14 = 4. Suppose -q*a + 4*a - 6 = 0. What is the remainder when 8/a*(-1 + 13) is divided by 11?
10
Let l = 8 - 14. Let b(t) = 15*t + 2. Let g be b(2). Let z = l + g. Calculate the remainder when z is divided by 9.
8
Let z = -7 - -11. Suppose -g + 16 = g + 2*o, -g + 5*o - z = 0. What is the remainder when 9 is divided by g?
3
What is the remainder when 22 is divided by (-14)/(-21) - (-44)/6?
6
Suppose 2*v + 12 - 68 = 0. Let c = -73 - -103. Suppose o + c = 3*w - o, 0 = -4*w - 2*o + 40. What is the remainder when v is divided by w?
8
Suppose -5*y + 35 = -3*o, 4*y = 4*o + o + 15. What is the remainder when 39 is divided by y?
9
Suppose -w - 5*c - 46 = 0, -3*w - 76 = -w + 2*c. Calculate the remainder when 28 is divided by w/3*(-15)/12.
13
What is the remainder when 39 is divided by (4/(-7) - 2)/((-8)/56)?
3
Let p = 147 + -80. What is the remainder when p is divided by 17?
16
Suppose -n - 4*p = -51 - 44, 547 = 5*n - 4*p. What is the remainder when n is divided by 16?
11
Calculate the remainder when 29 is divided by (340/(-60))/(2/(-6)).
12
Let a be (3 + (-9)/6)*2. Suppose a*t + 66 = 5*t. Calculate the remainder when t is divided by 9.
6
Let l(n) = -4*n + 2. Calculate the remainder when 128 is divided by l(-6).
24
Suppose -90 = -2*j + 38. Suppose -81 - j = -5*d. Suppose -2*o = 6*r - 4*r - 16, -2*r = -3*o - 16. What is the remainder when d is divided by r?
5
Let c be 98/(-5) - 2/5. Let f = c - -35. What is the remainder when 42 + (2 - 1) + 1 is divided by f?
14
Let t(k) = 2*k. Let w(d) = 3*d + 1. Let b be w(1). Calculate the remainder when t(b) is divided by 3.
2
Let a = 25 - 8. Calculate the remainder when 65 is divided by a.
14
Let q(g) = g**3 + 6*g**2 - 2*g + 6. Let l = -10 - -5. What is the remainder when q(l) is divided by 11?
8
Let o(x) = x**2 - 3*x - 5. Let h(b) = 25*b. Let y be h(1). Suppose 0 = 2*i + 3*p - y, -3*i - 4*p = -2*i - 10. What is the remainder when i is divided by o(5)?
4
Let w(d) be the third derivative of -5*d**4/12 - d**3/6 - 11*d**2. Calculate the remainder when w(-2) is divided by 11.
8
Suppose g = 3 + 2. Suppose -8 - 52 = -g*w. What is the remainder when 35 is divided by w?
11
Calculate the remainder when 93 is divided by 6/27 + 1430/45.
29
Let s(g) = g**2 + 11. Let j(f) = -f - 3. Let d be j(-3). Let k = -71 - -103. Calculate the remainder when k is divided by s(d).
10
Let x(t) = 2*t**2 - 3. Let z(j) = j**3 - 9*j**2 + 8*j - 2. Let o be z(8). What is the remainder when (o/6)/(2/(-258)) is divided by x(-3)?
13
Let w(s) = 2*s**2 + 3*s - 1. What is the remainder when w(-3) is divided by 5?
3
Suppose 2*b = -4, -2*b + 5 = 2*x - 1. Suppose x = h + 1. What is the remainder when 4 is divided by h?
0
Suppose 0 = 2*b + 2*b - 8. What is the remainder when 3 is divided by b?
1
Suppose 0 = -6*f + 5*f. Suppose 2*x + 2 = f, 3*i = 4*i - 5*x + 11. Let a = i - -33. What is the remainder when a is divided by 9?
8
Suppose 8*n - 213 = 915. Calculate the remainder when n is divided by 12.
9
Let s(d) = 6*d. Let w = -6 + 7. Calculate the remainder when 23 is divided by s(w).
5
Let h(q) = 7*q**3 - q**2 + 3*q - 1. What is the remainder when h(2) is divided by 15?
12
Let d(v) = 95*v. Let a be d(1). Suppose -2*x + n + a = 0, 3*x - n = 4*n + 153. Calculate the remainder when x is divided by (0 + -4 + 5)/(2/32).
14
What is the remainder when 92 is divided by ((-36)/(-28) - 1) + 666/21?
28
Let k = 41 - 9. What is the remainder when k is divided by 18?
14
Suppose -4*w = 5*f + 16, 0 = -5*f - 7*w + 2*w - 20. Calculate the remainder when 0 - (f - (4 - -1)) is divided by 2.
1
Suppose l - 14 = -4. Calculate the remainder when (-342)/45*25/(-10) is divided by l.
9
Let g = -1 - -2. Suppose -5*h - g = -0*h - 4*m, -8 = -2*m. Suppose k + 4*l - 28 = 0, -h*k + 19 = 2*l - 3*l. What is the remainder when k is divided by 5?
3
Let f(g) = 3*g**3 - 2*g + 13*g**2 + g**3 - 17 - 3*g**3. Let r(m) = m + 5. What is the remainder when f(-13) is divided by r(0)?
4
Suppose 149 = -2*k + 187. What is the remainder when 53 is divided by k?
15
Let l(z) = -z**3 + 28*z**2 - 2*z + 66. Let a(y) = 4*y**3 + 3*y**2 - 2*y - 1. What is the remainder when a(2) is divided by l(28)?
9
Let p(g) = -g**3 + 9*g**2 - 8*g + 12. Let n be p(8). Let k be 20/2*12/15. Suppose -n - k = -l. What is the remainder when l is divided by 7?
6
Let g be -2*(9/(-6) - -2). Let k(x) = 14*x**2 + x. Calculate the remainder when k(g) is divided by 5.
3
Let q = -24 + 30. Let m(g) = 69*g. Let w be m(4). Suppose -2*x = 4*z - q*x - w, 3*z + 3*x = 231. What is the remainder when z is divided by 25?
23
Let h(c) be the first derivative of c**4/2 + c**3/3 - 2*c**2 + 3*c - 1. What is the remainder when h(2) is divided by 4?
3
Suppose -5*h - 25 = y - 6*y, 5*h - 2 = -4*y. Calculate the remainder when 25 is divided by 9/y*3/1.
7
Let c = 26 - 13. Let x = 7 + c. What is the remainder when 38 is divided by x?
18
Let l = 7 + -6. Suppose 0 = -y - 4, -4*b + 9*b = 4*y + 146. Calculate the remainder when b is divided by 19 + (-2 - l) - 2.
12
Suppose -24 = -347*f + 344*f. What is the remainder when 57 is divided by f?
1
Suppose -11 = -4*j + 13. What is the remainder when 18 is divided by 32/j + 6/(-18)?
3
Suppose -k - 4*a - 17 = -9*a, 5*a = -3*k + 29. Suppose d = k + 7. Calculate the remainder when d is divided by 2/1 + 4/2.
2
Let v(t) = 6*t - 6. What is the remainder when v(5) is divided by 